m - 1960, -3*z + 5*m + 2936 = 0. What is the hundreds digit of z?
9
Suppose 6*x = 2*x + 20. Let y be 342/x - (-30)/50. Let v = y + -24. What is the tens digit of v?
4
Suppose -4*s + 1 + 11 = 0. Suppose -x = -s - 12. What is the tens digit of x?
1
What is the units digit of (-198)/24*160/(-24)?
5
Let x(n) = 2*n**2 - 3*n + 7. Suppose 0 = 17*h - 52 - 152. What is the hundreds digit of x(h)?
2
Suppose -2*q + 323 = -5*v - 107, -2*v = 0. Let p be (3 - (-4 + 5)) + q. Suppose 0 = -4*u + p - 45. What is the units digit of u?
3
Let x = -994 + 1538. What is the hundreds digit of x?
5
Let z(p) = -6*p + 6. Suppose 2*q - 3*b - 7 = -24, -5 = 5*b. Let i be z(q). Suppose 4*j - i = j. What is the units digit of j?
2
Let u = 18 - 21. Let h be (20/u)/((-4)/96). Suppose 5*m - h = 170. What is the units digit of m?
6
Suppose 4*t + 138 - 1458 = 0. What is the hundreds digit of (t/(-9))/(-2 - (-10)/6)?
1
Let k(q) = q**3 + 9*q**2 + 11*q. Let o(y) = -y**3 + 7*y**2 + 2*y - 16. Let d be o(7). Let g be (-1)/(-2)*24/d. What is the tens digit of k(g)?
4
Suppose y + 26 = 2*y. Suppose -198 = -4*u - y. Let q = u - 17. What is the tens digit of q?
2
Suppose 8*n - 2*n = 1824. What is the hundreds digit of n?
3
Let y = -159 + 130. Let f = y + 104. What is the tens digit of f?
7
Let j be (-8)/(-8) - (-21 - 0). Let n be 1558/j + 2/11. Let g = n + -21. What is the units digit of g?
0
Let j = -31 - -35. What is the tens digit of (j + -8)*(-10)/4?
1
Let v(p) = p**2 + 5*p - 32. Let d be v(-9). Suppose 4*t - 631 = -d*b + 497, -2*t = b - 564. What is the hundreds digit of t?
2
Let o(w) = 4*w + 7. Let s be o(5). Suppose -d + p = 3, 3*p - 4*p - s = 4*d. What is the units digit of 7/(-3)*d/2?
7
Suppose 34476 = 27*o - o. What is the tens digit of o?
2
Let b(c) = -46*c + 2089. What is the tens digit of b(0)?
8
Let x = 7 + -5. Suppose -4 = x*q - q. What is the tens digit of -25*(q/(-2) - 3)?
2
Let l = -4340 + 6222. Let d be l/10 + 5/(-25). Suppose -5*q - 4*s = -q - d, 87 = 2*q - 5*s. What is the tens digit of q?
4
Let w be ((-18)/(-8))/(2/(-8)). Let o(u) = u**2 + 12*u + 8. Let d be o(-9). Let a = w - d. What is the units digit of a?
0
Suppose 9*z = 6*z + 132. Let x = z + 53. What is the units digit of x?
7
Suppose 0*g - 775 = -3*g - n, -3*g + n = -779. Let r = 384 - g. What is the tens digit of r?
2
Let l = -15 + 16. What is the units digit of (1 - 0)/(l/1) - -86?
7
Suppose -12 = -3*s, -23*j - 3*s = -20*j - 1062. What is the units digit of j?
0
Let i(b) = -b**3 - 17*b**2 - 2*b. Let p be i(-17). Suppose 202 = 4*g + p. What is the units digit of g?
2
Suppose 0 = -0*c + 4*c. Suppose c = 3*l + 169 + 95. Let t = 128 + l. What is the tens digit of t?
4
Suppose -5433 = 12*c - 13173. What is the units digit of c?
5
Let q(c) = -202*c + 172. What is the units digit of q(-6)?
4
Let v = 8 + -5. Suppose -v*l + 14 = -13. Suppose 0*j = -j - t + 9, 4*j - 5*t = l. What is the units digit of j?
6
Let f(t) = 3*t**2 - 41*t - 290. What is the units digit of f(37)?
0
Let d(o) = 3*o**2 - 7*o - 151. What is the hundreds digit of d(17)?
5
Suppose -5 = q - 10. Suppose 147 + 128 = q*j. What is the tens digit of j?
5
Let o(z) = z**2 - 3*z. Let c be o(1). What is the units digit of 2236/26*3*(-1)/c?
9
Let p(q) = 6*q**3 + 5*q**2 - 17*q + 2. What is the tens digit of p(6)?
7
Let k be (2/4)/((0 + -2)/4). What is the units digit of -2 + (-1 - k) + -23 + 31?
6
Let t = 37 - -26. Let j = -11 + t. What is the tens digit of j?
5
Let i(f) = -f**3 + f - 2. Let w be i(-2). Suppose -4*g + w*v = 2*v - 154, 2*g - 3*v - 87 = 0. What is the tens digit of g?
3
Suppose -2*t - 313 + 391 = 0. What is the tens digit of t?
3
Let h = -1160 + 2166. What is the tens digit of h?
0
Suppose -20*t + 21*t = 7. Suppose 0 = t*o - 787 + 115. What is the units digit of o?
6
Suppose 3381 = 17*m - 5731. What is the hundreds digit of m?
5
Let o = -75 + 709. What is the tens digit of o?
3
Let i = -6 + 7. What is the tens digit of 4 - 1 - 4 - i*-76?
7
Let m(z) = -z**2 + 28*z - 34. What is the hundreds digit of m(21)?
1
Suppose 4*b - 762 = b. Suppose 4*h - 5*q - b = 0, -h = -2*q - 2*q - 58. What is the units digit of h?
6
Let v(x) = 86*x - 10. What is the hundreds digit of v(4)?
3
Suppose -210*y = -203*y - 24290. What is the tens digit of y?
7
Let u = -169 + 635. What is the tens digit of u?
6
Let m = -78 + 175. Let x = 31 + m. What is the tens digit of x?
2
Let v(x) = -3*x - 1. Let z be v(-1). Let n = 17 - 15. Suppose 2*c + z*i - 6 = 0, c - 1 = -n*i + 1. What is the units digit of c?
4
Let a be ((-20)/(-15))/(1/3). Suppose 2*r - 4*k = 0, 3*k - 4 = -k. Suppose 5*c - 4*s - 48 = 0, -r*c - a*s + 30 + 6 = 0. What is the units digit of c?
2
Let z(w) = -1691*w - 110. What is the hundreds digit of z(-1)?
5
Let t = 1401 + -440. Suppose 0 = -7*y + t - 100. What is the tens digit of y?
2
Suppose -y + 6*y = 0. Suppose -3*n + 14 = 4*c - n, 5*c - n - 28 = y. Suppose -c*r + 27 + 58 = 0. What is the tens digit of r?
1
Let n(f) = 2*f**3 - 8*f**2 + 15*f + 17. What is the tens digit of n(13)?
5
Let y = 552 + -241. What is the units digit of y?
1
Suppose 2*a + a - 300 = -3*l, -532 = -5*l + 3*a. Suppose -k = -5*k + l. What is the units digit of k?
6
Let s(f) be the first derivative of f**4/4 + 10*f**3/3 - f**2 - 11*f + 12. What is the units digit of s(-10)?
9
Let i(u) = -u**3 + 14*u**2 - 9*u - 24. What is the units digit of i(10)?
6
Suppose -i - q - 9 = 2*q, -3*i + 5*q + 15 = 0. Suppose i*y - 264 = -3*y. What is the units digit of y?
8
Suppose t + t = -14. Let m(n) = n**3 + 7*n**2 + 10. What is the units digit of m(t)?
0
Suppose 0*t = -2*t + 4. What is the hundreds digit of (((-3729)/22)/((-6)/8))/t?
1
Let j(g) = g**2 + 23*g - 4. Let l(r) = 2*r**2 + 45*r - 7. Let i(o) = 11*j(o) - 6*l(o). What is the units digit of i(-10)?
8
Let q(x) = -x**2 - 17. Let t be q(-10). What is the hundreds digit of 1/(0 + -1) - (t - 3)?
1
Let w(o) = o - 3. Let x be w(8). Suppose 0 = 3*t + 1 - 10. Suppose 8 = x*p + t. What is the units digit of p?
1
Suppose -13*s - 34*s + 83613 = 0. What is the units digit of s?
9
Let f(x) = -x**3. Let k(y) = -7*y**3 - 4*y**2 + 13*y + 7. Let n(o) = 6*f(o) - k(o). What is the units digit of n(-5)?
3
Let q be (-42)/12*(15 - 1). Let m = 142 + q. What is the units digit of m?
3
Let w(x) = x + 13. Let j be w(-14). Suppose -2*r - 3*r = 10. What is the units digit of (j - 1) + (-22)/r?
9
Let y(i) = i + 24. Suppose -3*h = f - 49, 3*h - 7*h + 64 = 2*f. What is the tens digit of y(h)?
4
Suppose -5*v = -15 + 5. Suppose 80 = t - v*l + l, 4*l = -12. What is the units digit of t?
7
Let o(n) = 16*n**2 + n + 3. Let a be o(-3). Let m = -484 - -490. Suppose -m*h + a = -3*h. What is the tens digit of h?
4
Suppose -2*q = -4*h - 24, -5*q = -q + 4*h - 108. Suppose 3*g + q = 76. Let s = 43 - g. What is the units digit of s?
5
Suppose 2387 = 5*f + 2*c, 40*f - 4*c = 44*f - 1900. What is the units digit of f?
9
Let i(d) = -d**3 - 41*d**2 - 15*d - 84. What is the hundreds digit of i(-41)?
5
Suppose -33*j = 28577 - 216248. What is the thousands digit of j?
5
Let k = 6490 + -3385. What is the units digit of k?
5
Suppose 2*b = -5*a + 51, 5*b - 1 = 2*a + 54. Let v = b + -11. Suppose 5*l + 17 = v*t, -t + 31 = 2*t - 2*l. What is the units digit of t?
1
Let b(p) = -p**2 - 14*p + 64. Let g be b(-23). Let m = 150 - g. What is the units digit of m?
3
Let v(b) = -b**2 + b. Let h(f) = -8*f**2 + 5*f - 23. Let d(s) = -h(s) + 5*v(s). What is the tens digit of d(7)?
7
Suppose -3*k - k + 4841 = 5*a, 3*k - 1935 = -2*a. What is the tens digit of a?
6
Suppose 9417 = 4*z - 5*t + 10*t, z - 2373 = -5*t. What is the hundreds digit of z?
3
Suppose -2*q = -5*q + 12. Suppose -s + q*s - 90 = 0. What is the tens digit of s?
3
Suppose -2*n + 110 = -0*n. Suppose n = -3*p + 403. Let j = p + -83. What is the tens digit of j?
3
Let d be 16/7 - (-26)/(-91). Suppose -n + 91 = a, 0*n + 2*a - 362 = -4*n. Suppose -n = -4*c + d*c. What is the tens digit of c?
4
Let b be (2/(-4) - -3)*2. Suppose -d = 2*d + 2*a - 25, 0 = b*a + 5. What is the units digit of d?
9
Let w be 720/(6 + -3) - (-9)/3. Suppose -3*o + 3*s + w = -2*o, 258 = o + 2*s. What is the units digit of o?
2
Let y be (-1 + 287)*7/14. Let n = y + -75. What is the tens digit of n?
6
Suppose 13*q - 9*q + 2*u + 758 = 0, 0 = 2*u + 6. Let v = -59 - q. What is the hundreds digit o